21 and w.
21
Let j(i) = -i**2 - 10*i - 21. Let y be 1/5 - (-3 - (-852)/(-15)). Suppose 0 = -3*p - 7*p - y. Let f be j(p). What is the greatest common divisor of 2 and f?
1
Let m(u) = -26*u**2 + 16*u**2 + 25*u**2 - u**3 - 15*u + 19 + 0*u**3 + 2*u**3. Let s be m(-16). What is the greatest common factor of s and 27?
3
Let d be ((-1404)/(-65)*(-31)/(-2))/(30/225). What is the greatest common divisor of d and 243?
81
Let j be 18/42 - 14/((-686)/40257). What is the greatest common factor of j and 42?
6
Suppose 0 = 127*v - 3401 + 2512. Calculate the greatest common divisor of v and 4151.
7
Suppose -9*h - 205 + 1042 = 0. Let d be (-313)/(-2) + h/(-62). Let s be 314/10 - 4/10. What is the greatest common divisor of d and s?
31
Suppose c = -2*w - c - 4, 12 = -3*w - 5*c. Let b be (3 - 5)/(w/(-10)). Let i(g) = 7*g + 5. Let r be i(5). Calculate the highest common divisor of b and r.
20
Suppose 43 = 176*v - 162*v - 545. Calculate the greatest common divisor of v and 5502.
42
Suppose -g - 245 = -4*i + 4*g, 3*i - 180 = 3*g. Calculate the highest common factor of 4279 and i.
11
Suppose 2*n + 2*n - 1 = -5*x, 4*x - 8 = -5*n. Let p be (3360/36)/(2/(-6)). Let f = p - -284. Calculate the highest common divisor of n and f.
4
Suppose 11*b - 6 = z - 119, 2*z + 3*b - 1 = 0. Suppose 2*q - 1 = t, q - t + 1 = -1. Suppose q*g - 10 = 11. Calculate the greatest common factor of z and g.
7
Let y = 142 + -136. Let n(h) be the first derivative of -h**4/4 + 7*h**3/3 + h**2/2 - 20*h + 9. Let o be n(y). What is the highest common divisor of o and 242?
22
Suppose -31*t = -11*t - 100. Suppose -4*z = -t*z, -5*w + 2*z + 2480 = 0. What is the greatest common divisor of w and 31?
31
Let t be (-2 - -79) + (59 - 61). Calculate the highest common factor of t and 105.
15
Let u(a) = -10 + 58*a + 2*a**2 + 32 + 15 + 31. Let p be u(-38). Calculate the highest common divisor of 47 and p.
47
Let m(l) = -44*l**3 - 14*l**2 + 27*l - 23. Let q be m(-6). What is the highest common divisor of 205 and q?
205
Let x be 1/(-1 - (-26)/24). Suppose 3*a = 5*k + 53, 169*a + 48 = 171*a + 3*k. Calculate the greatest common divisor of x and a.
3
Suppose j = -4*u + 94, 2*u + 6*j - 56 = j. Let f = 201 - 178. What is the highest common factor of u and f?
23
Suppose v - 49 = 4*t - 10, 3*t - 99 = -4*v. Suppose 9 + v = 2*n. What is the highest common factor of n and 27?
9
Suppose -30 = -5*b + 15. Suppose b*q - 162 = 702. Calculate the greatest common divisor of q and 48.
48
Let s(x) = 21*x**3 + x**2 + x + 6. Let z be s(3). Suppose -3*g = -5*l + z, 0*l - 460 = -4*l + 4*g. Calculate the greatest common divisor of l and 75.
15
Suppose 0 = 5*w + 7*w + 91 - 331. Calculate the highest common divisor of w and 4300.
20
Let i(h) = 7*h**3 - 42*h**2 - 2*h + 33. Let l be i(6). Let f be 1*(2 + -1)*903. What is the highest common divisor of l and f?
21
Let k be (-5 - (-30)/9)/((-7098)/(-1188) - 6). What is the greatest common divisor of k and 3476?
22
Suppose 0 = 2*f + 10, -6*m - 5*f - 529 = -8*m. What is the highest common divisor of m and 112?
28
Suppose -4*p - 2580 = 3*c - 3278, -5*c = -3*p - 1173. What is the highest common factor of 8151 and c?
39
Let o = 358 - 389. Let t = 441 + o. Calculate the highest common factor of 82 and t.
82
Let p(z) = -87*z - 2. Let h be p(-1). Let u(f) = -8*f - 2. Let t be u(5). Let r = t - -47. Calculate the highest common factor of r and h.
5
Suppose 7*k - 4535 + 188 = 0. Calculate the highest common factor of 270 and k.
27
Let u be 2699 - (-12 + 16) - (2/(-1) - 0). What is the greatest common divisor of u and 62?
31
Let g(m) = 5*m**2 - 4. Let o be g(-2). Suppose 2*f + 77 - 13 = 4*d, -d - f = -o. What is the greatest common divisor of d and 208?
16
Let k(y) = 16*y - 1. Let z be k(2). Let o = 1942 + -1943. Let b = o + z. Calculate the greatest common factor of 330 and b.
30
Suppose 0 = 4*n - y - 134, 4*n - 12*y = -14*y + 128. Calculate the greatest common factor of n and 176.
11
Suppose 3961 = 5*w - 2*k, 5*w + 114 = 3*k + 4078. What is the greatest common factor of 7 and w?
7
Let l = -1914 - -12949. What is the greatest common factor of 5 and l?
5
Let o = -335 - -512. Let t = o - 92. Let k = 42 - 8. What is the highest common divisor of k and t?
17
Let x = 7679 - 4925. Calculate the greatest common factor of 9 and x.
9
Let l be (5724 - (1 - -2))/((-377)/104 + 4). What is the greatest common divisor of l and 8?
8
Let c = -100 - -270. Suppose y - 6*r - 70 = -2*r, 2*y = 2*r + c. Let s = -28 + 73. Calculate the highest common divisor of s and y.
45
Suppose 0*j = 3*w + 5*j - 329, 0 = -4*w - j + 467. Calculate the highest common factor of w and 3658.
118
Suppose 33285 - 81021 = -27*n. Calculate the greatest common factor of 1105 and n.
221
Suppose 2*c + 44 = 3*c + 4*r, 5*c - 2*r = 198. Suppose -75 - c = -4*a + p, 0 = 3*p - 3. Suppose 35 = l - 284. Calculate the highest common factor of l and a.
29
Let n(z) = 22*z - 61. Let h be n(3). Calculate the greatest common divisor of 235 and h.
5
Let s(p) = p**3 - 12*p**2 - 19*p + 3. Let y be s(13). Let w = y + 88. What is the highest common divisor of w and 351?
13
Let m be (-1 - 4)*224/(-140). Let d(u) = u**3 - u**2 - 8*u + 12. Let z be d(m). Calculate the greatest common divisor of 36 and z.
36
Let m(i) = i**3 + 8*i**2 + 2*i - 15. Let x be m(-7). Suppose -125 = -x*h + 595. Calculate the greatest common divisor of 228 and h.
12
Let a(q) = 5*q**2 + 626*q + 5661. Let x be a(-9). Calculate the highest common divisor of x and 2256.
48
Let i(z) = -3*z**2 + 178*z - 172. Let g be i(56). Calculate the greatest common divisor of g and 7566.
194
Suppose 56*g - 51*g - 2*s - 30 = 0, 0 = -5*s - 25. Suppose 0 = -17*q + 16*q + 5*d + 1644, -g*q - d + 6660 = 0. Calculate the highest common factor of q and 26.
26
Let h = -47 - -48. Let u be (-1 - 3/(-6))*(h + -5). What is the highest common divisor of u and 26?
2
Let r(d) = 27*d + 4*d**3 - 12 + d + 7*d**2 - 5*d**3 - 8*d. Let j be r(9). Suppose -f + j*f = 330. Calculate the greatest common divisor of f and 11.
11
Suppose -4*g + m = -0*g - 402, 5*g + 4*m = 471. Suppose 5*i + q - 91 = 0, 0*i = -2*i - 3*q + 39. What is the greatest common factor of g and i?
9
Let y = 67 + -64. Suppose 2*w = c - 2 - 4, y*w = 2*c - 8. Let u be ((-30)/w)/5*130/5. What is the highest common factor of u and 26?
13
Let u(h) = -h**2 - 5*h + 7. Let d be u(-5). Let v(c) = 5*c - 5. Let l be v(d). Let f = 80 - l. What is the greatest common factor of f and 25?
25
Suppose 4*h + 24*u - 22*u - 3754 = 0, 2*h = 2*u + 1856. What is the greatest common divisor of 110 and h?
55
Suppose -212 + 592 = 5*c. Let k = -34 + 36. Suppose -3*x + k*t + 22 = -31, -5*t = -3*x + 47. What is the greatest common divisor of x and c?
19
Suppose 21*g = -66024 + 209811. Suppose 0 = 23*p - g + 1856. Calculate the greatest common divisor of 62 and p.
31
Suppose 12*o = 2092 - 1000. What is the highest common factor of 1729 and o?
91
Suppose -15*j + 13*j + 26 = 0. Suppose 0 = -9*i + j*i - 4. Calculate the highest common divisor of 47 and i.
1
Suppose q - 11 = -0*k - k, 5*q + 2*k - 61 = 0. Let p = 136273 - 136247. What is the greatest common factor of q and p?
13
Let k = -12059 - -12106. Calculate the highest common factor of k and 11703.
47
Let k be 7*(-24)/224*40/(-6). Suppose -2*u + k*u - 57 = 0. Calculate the greatest common divisor of u and 19.
19
Let c(y) = -y**2 - 8*y - 12. Suppose -4*d = -12, 5*i + 4*d = -3 - 0. Let n be c(i). Suppose -2*r = -n*r + 187. Calculate the highest common divisor of 17 and r.
17
Let l = -112 + 162. Let g = 77 - l. What is the highest common factor of g and 3?
3
Let b be (-1 - 1)*54/(-4). Suppose 6 = 4*h - 2. Suppose d - 77 = -o - 0*o, -170 = -h*o + 2*d. Calculate the highest common divisor of o and b.
27
Let r be 24/(-10)*-18*180/54. Calculate the highest common factor of 666 and r.
18
Let b(f) = -28*f - 5. Let u be b(-11). Let y = u + -287. Let d(o) = 5*o - 13. Let x be d(9). Calculate the highest common divisor of y and x.
16
Suppose 2*h + 2*a - 311 = 165, 0 = 5*h - 3*a - 1206. Let o = -2 + 18. What is the greatest common factor of h and o?
16
Let d(l) = l**3 - 25*l**2 - 27*l + 41. Let f be d(26). Calculate the highest common divisor of 48 and f.
3
Let u(t) = -5*t - 3. Let h(i) = -126*i - 75. Let j(v) = 6*h(v) - 153*u(v). Let y be j(2). What is the grea